{"id":140,"date":"2018-07-23T16:33:06","date_gmt":"2018-07-23T16:33:06","guid":{"rendered":"http:\/\/ascamai.com.br\/?page_id=140"},"modified":"2018-07-25T13:50:19","modified_gmt":"2018-07-25T13:50:19","slug":"e-commerce","status":"publish","type":"page","link":"https:\/\/ascamai.com.br\/?page_id=140","title":{"rendered":"Catadoras de Mangaba"},"content":{"rendered":"<div id=\"dslc-main\">\n\t\t<div  class=\"dslc-modules-section \" style=\"\" data-section-id=\"3897c78762e\">\n\t\t\t\t\n\t\t\t\t\n\t\t\t\t<div class=\"dslc-modules-section-wrapper dslc-clearfix\"><div class=\"dslc-modules-area dslc-col dslc-12-col dslc-last-col\" data-size=\"12\" data-valign=\"\">\n\t\t<div id=\"dslc-module-3d1c13e86e3\" class=\"dslc-module-front dslc-module-DSLC_TP_Title dslc-in-viewport-check dslc-in-viewport-anim-none  dslc-col dslc-12-col dslc-last-col  dslc-module-handle-like-regular \" data-module-id=\"3d1c13e86e3\" data-module=\"DSLC_TP_Title\" data-dslc-module-size=\"12\" data-dslc-anim=\"none\" data-dslc-anim-delay=\"\" data-dslc-anim-duration=\"650\"  data-dslc-anim-easing=\"ease\" data-dslc-preset=\"none\" >\n\n\t\t\t\n\t\t\t\n\t\t\n\t\t\t\t<div class=\"dslc-tp-title\"><h1>Catadoras de Mangaba<\/h1><\/div>\n\n\t\t\t\n\t\t\t\t<\/div><!-- .dslc-module -->\n\t\t\n\t\t<div id=\"dslc-module-5771f7543d1\" class=\"dslc-module-front dslc-module-DSLC_Text_Simple dslc-in-viewport-check dslc-in-viewport-anim-none  dslc-col dslc-12-col dslc-last-col  dslc-module-handle-like-regular \" data-module-id=\"5771f7543d1\" data-module=\"DSLC_Text_Simple\" data-dslc-module-size=\"12\" data-dslc-anim=\"none\" data-dslc-anim-delay=\"\" data-dslc-anim-duration=\"650\"  data-dslc-anim-easing=\"ease\" data-dslc-preset=\"none\" >\n\n\t\t\t\n\t\t\t\n\t\t\n\t\t<div class=\"dslc-text-module-content\">\n\t\t\t<p>O projeto Catadoras de Mangaba, Gerando Renda e Tecendo Vida em Sergipe \u2013 Fases I e II \u2013 atuou junto \u00e0s comunidades sergipanas onde ocorre a cata da Mangaba. O trabalho teve in\u00edcio em 2011 e finalizou em 2015, sendo realizado pela Associa\u00e7\u00e3o das Catadoras de Mangaba e Indiaroba (Ascamai) sob patroc\u00ednio do edital p\u00fablico do Programa Petrobras Desenvolvimento & Cidadania, em parceria com a Universidade Federal de Sergipe e apoio do Movimento das Catadoras de Mangaba. Com o objetivo de contribuir para o fortalecimento e sustentabilidade das comunidades extrativistas, implantando, nas comunidades, pr\u00e1ticas da difus\u00e3o da agroecologia, da tecnologia social, dos princ\u00edpios do associativismo e do cooperativismo. Cadastrou 765 Catadoras de Mangaba para a realiza\u00e7\u00e3o do trabalho, indiretamente atuou com mais de 1.357 fam\u00edlias que trabalham em terras devolutas ou de terceiros. As linhas de a\u00e7\u00e3o do projeto s\u00e3o gera\u00e7\u00e3o de renda e oportunidade de trabalho. Os temas transversais s\u00e3o g\u00eanero, igualdade racial e comunidades tradicionais.<\/p><p>Link do site: <a href=\"http:\/\/www.catadorasdemangaba.com.br\" target=\"_blank\" rel=\"noopener\">www.catadorasdemangaba.com.br<\/a><\/p>\t\t<\/div>\n\n\t\t\n\t\t\t\t<\/div><!-- .dslc-module -->\n\t\t<\/div><\/div><\/div><\/div>","protected":false},"excerpt":{"rendered":"<p>Catadoras de Mangaba O projeto Catadoras de Mangaba, Gerando Renda e Tecendo Vida em Sergipe \u2013 Fases I e II \u2013 atuou junto \u00e0s comunidades sergipanas onde ocorre a cata da Mangaba. O trabalho teve in\u00edcio em 2011 e finalizou em 2015, sendo realizado pela Associa\u00e7\u00e3o das Catadoras de Mangaba e Indiaroba (Ascamai) sob patroc\u00ednio [&hellip;]<\/p>\n","protected":false},"author":1,"featured_media":0,"parent":0,"menu_order":0,"comment_status":"closed","ping_status":"closed","template":"","meta":[],"_links":{"self":[{"href":"https:\/\/ascamai.com.br\/index.php?rest_route=\/wp\/v2\/pages\/140"}],"collection":[{"href":"https:\/\/ascamai.com.br\/index.php?rest_route=\/wp\/v2\/pages"}],"about":[{"href":"https:\/\/ascamai.com.br\/index.php?rest_route=\/wp\/v2\/types\/page"}],"author":[{"embeddable":true,"href":"https:\/\/ascamai.com.br\/index.php?rest_route=\/wp\/v2\/users\/1"}],"replies":[{"embeddable":true,"href":"https:\/\/ascamai.com.br\/index.php?rest_route=%2Fwp%2Fv2%2Fcomments&post=140"}],"version-history":[{"count":2,"href":"https:\/\/ascamai.com.br\/index.php?rest_route=\/wp\/v2\/pages\/140\/revisions"}],"predecessor-version":[{"id":178,"href":"https:\/\/ascamai.com.br\/index.php?rest_route=\/wp\/v2\/pages\/140\/revisions\/178"}],"wp:attachment":[{"href":"https:\/\/ascamai.com.br\/index.php?rest_route=%2Fwp%2Fv2%2Fmedia&parent=140"}],"curies":[{"name":"wp","href":"https:\/\/api.w.org\/{rel}","templated":true}]}}