{"id":112,"date":"2018-07-23T16:31:18","date_gmt":"2018-07-23T16:31:18","guid":{"rendered":"http:\/\/ascamai.com.br\/?page_id=112"},"modified":"2018-07-30T12:41:50","modified_gmt":"2018-07-30T12:41:50","slug":"produtos","status":"publish","type":"page","link":"https:\/\/ascamai.com.br\/?page_id=112","title":{"rendered":"Produtos"},"content":{"rendered":"<div id=\"dslc-main\">\n\t\t<div  class=\"dslc-modules-section \" style=\"\" data-section-id=\"95201c0ebcd\">\n\t\t\t\t\n\t\t\t\t\n\t\t\t\t<div class=\"dslc-modules-section-wrapper dslc-clearfix\"><div class=\"dslc-modules-area dslc-col dslc-12-col dslc-last-col\" data-size=\"12\" data-valign=\"\">\n\t\t<div id=\"dslc-module-1e0d43518de\" class=\"dslc-module-front dslc-module-DSLC_TP_Title dslc-in-viewport-check dslc-in-viewport-anim-none  dslc-col dslc-12-col dslc-last-col  dslc-module-handle-like-regular \" data-module-id=\"1e0d43518de\" data-module=\"DSLC_TP_Title\" data-dslc-module-size=\"12\" data-dslc-anim=\"none\" data-dslc-anim-delay=\"0\" data-dslc-anim-duration=\"650\"  data-dslc-anim-easing=\"ease\" data-dslc-preset=\"none\" >\n\n\t\t\t\n\t\t\t\n\t\t\n\t\t\t\t<div class=\"dslc-tp-title\"><h1>Produtos<\/h1><\/div>\n\n\t\t\t\n\t\t\t\t<\/div><!-- .dslc-module -->\n\t\t\n\t\t<div id=\"dslc-module-f788b48f21e\" class=\"dslc-module-front dslc-module-DSLC_Text_Simple dslc-in-viewport-check dslc-in-viewport-anim-none  dslc-col dslc-12-col dslc-last-col  dslc-module-handle-like-regular \" data-module-id=\"f788b48f21e\" data-module=\"DSLC_Text_Simple\" data-dslc-module-size=\"12\" data-dslc-anim=\"none\" data-dslc-anim-delay=\"\" data-dslc-anim-duration=\"650\"  data-dslc-anim-easing=\"ease\" data-dslc-preset=\"none\" >\n\n\t\t\t\n\t\t\t\n\t\t\n\t\t<div class=\"dslc-text-module-content\">\n\t\t\t<p>As Catadoras de Mangaba apresentam para voc\u00ea uma linha de comercializa\u00e7\u00e3o baseada nas pr\u00e1ticas tradicionais de suas comunidades. Passadas de gera\u00e7\u00e3o para gera\u00e7\u00e3o, as receitas s\u00e3o resultados de conhecimentos tradicionais postos em pr\u00e1tica a partir das no\u00e7\u00f5es de Boas Pr\u00e1ticas e Seguran\u00e7a Alimentar e Nutricional.<\/p><h3>Frutos da Restinga<\/h3><p>Alimentos produzidos \u00e0 base de frutas da restinga sergipana: mangaba, cambu\u00ed, murici, ara\u00e7\u00e1, cambuc\u00e1 (disponibilidade sujeita \u00e0 \u00e9poca de colheita)<\/p><p>- Geleia (40g e 200g)<\/p><p>- Bala (Unidade ou Embalagem com 120g)<\/p><p>- Licor (250ml e 500ml)<\/p><p>- Bolinho Recheado (Unidade de 50g)<\/p><p>- Biscoito (Embalagem com 120g e pote com 250g ou 500g)<\/p><p>- Bolo (Pequeno, m\u00e9dio ou grande)<\/p><p>- Torta (Pequena, m\u00e9dia ou grande)<\/p><p>- Compota (Potes com 600g)<\/p><p>- Mousse (Por\u00e7\u00e3o)<\/p><p>- Trufa (Unidade com 50g)<\/p><p>- Bombom (Unidade com 50g)<\/p><h3>Frutos de Quintal<\/h3><p>Alimentos produzidos \u00e0 base de frutas dos quintais produtivos das Catadoras de Mangaba: jaca, manga, caj\u00fa (disponibilidade sujeita \u00e0 \u00e9poca de colheita)<\/p><p>- Geleia (Potes com 40g e 200g)<\/p><p>- Bala (Unidade ou Embalagem com 120g)<\/p><p>- Licor (Garrafas com 250ml e 500ml)<\/p><p>- Bolinho Recheado (Unidade de 50g)<\/p><p>- Biscoito (Embalagem com120g e pote com 250g ou 500g)<\/p><p>- Bolo (Pequeno, m\u00e9dio ou grande)<\/p><p>- Torta (Pequena, m\u00e9dia ou grande)<\/p><p>- Mousse (Por\u00e7\u00e3o)<\/p><p>- Trufa (Unidade com 50g)<\/p><p>- Bombom (Unidade com 50g)<\/p><h3>Frutos Desidratados<\/h3><p>Alimentos desidratados com a tecnologia social do secador solar, sem aditivo de a\u00e7\u00facares ou conservantes<\/p><p>- Granola sergipana (Embalagem com 120g)<\/p><p>- Manta de frutas (Embalagem com 100g)<\/p><p>- Frutas secas (Embalagem com 100g)<\/p><p>- Compota (Potes com 40g e 200g)<\/p><p>- Geleia (Potes com 40g e 200g)<\/p>\t\t<\/div>\n\n\t\t\n\t\t\t\t<\/div><!-- .dslc-module -->\n\t\t<\/div><\/div><\/div><\/div>","protected":false},"excerpt":{"rendered":"<p>Produtos As Catadoras de Mangaba apresentam para voc\u00ea uma linha de comercializa\u00e7\u00e3o baseada nas pr\u00e1ticas tradicionais de suas comunidades. Passadas de gera\u00e7\u00e3o para gera\u00e7\u00e3o, as receitas s\u00e3o resultados de conhecimentos tradicionais postos em pr\u00e1tica a partir das no\u00e7\u00f5es de Boas Pr\u00e1ticas e Seguran\u00e7a Alimentar e Nutricional.Frutos da RestingaAlimentos produzidos \u00e0 base de frutas da restinga [&hellip;]<\/p>\n","protected":false},"author":1,"featured_media":0,"parent":0,"menu_order":0,"comment_status":"closed","ping_status":"closed","template":"","meta":[],"_links":{"self":[{"href":"https:\/\/ascamai.com.br\/index.php?rest_route=\/wp\/v2\/pages\/112"}],"collection":[{"href":"https:\/\/ascamai.com.br\/index.php?rest_route=\/wp\/v2\/pages"}],"about":[{"href":"https:\/\/ascamai.com.br\/index.php?rest_route=\/wp\/v2\/types\/page"}],"author":[{"embeddable":true,"href":"https:\/\/ascamai.com.br\/index.php?rest_route=\/wp\/v2\/users\/1"}],"replies":[{"embeddable":true,"href":"https:\/\/ascamai.com.br\/index.php?rest_route=%2Fwp%2Fv2%2Fcomments&post=112"}],"version-history":[{"count":1,"href":"https:\/\/ascamai.com.br\/index.php?rest_route=\/wp\/v2\/pages\/112\/revisions"}],"predecessor-version":[{"id":113,"href":"https:\/\/ascamai.com.br\/index.php?rest_route=\/wp\/v2\/pages\/112\/revisions\/113"}],"wp:attachment":[{"href":"https:\/\/ascamai.com.br\/index.php?rest_route=%2Fwp%2Fv2%2Fmedia&parent=112"}],"curies":[{"name":"wp","href":"https:\/\/api.w.org\/{rel}","templated":true}]}}